7 - (-15 - -19)))
9
What is the value of -4 - (1 - (-6 + 15))?
4
Calculate 8 + -15 + (-4 - -1) + 6 + 0.
-4
20 + -2 - (12 + -10) - 2
14
What is 7 + 3 + (113 - 105)?
18
What is -11 + 16 - 10 - 5 - 8?
-18
What is the value of 12 + (30 - 2 - 15)?
25
What is the value of (19 - -2) + (75 - 85)?
11
Calculate 3 - (8 - 12) - (-2 - (-2 - 10)).
-3
What is the value of -16 - (-120 + 121 - (-1 + 11)) - -9?
2
What is 2 + (22 + -6 - (11 - 4))?
11
2 - (1 + (5 - 24 - -6) + 4)
10
What is (-8 - -6) + (-7 - -24) + -10?
5
Calculate 10 + -32 - -44 - (2 + 2 + -3).
21
Evaluate -1 + -17 - -2 - (-9 - -10).
-17
(2 - -12) + -31 - -13
-4
15 + 13 + -35 + 8
1
Evaluate 235 + -239 - (-2 + 6).
-8
(-3 - 3) + (-128 - -119)
-15
What is the value of 8 + -2 - (3 - (-10 + -2 + 8))?
-1
What is the value of 3 + (5 + -6 - 2 - -7) + 1?
8
What is -2 + (5 - -34) + -20?
17
-32 + 11 + 3 - -27
9
Evaluate -30 + 8 - (17 + -60).
21
Calculate (1 - 4 - 3) + -18 + 24.
0
What is the value of -2 + 1 + 12 + -9?
2
-6 + (13 - (2 + 0 - (-2 + 7)))
10
What is -6 - -5 - -8 - (-2 + -3 + 4)?
8
Evaluate 71 + -89 + -2 + 36.
16
Calculate 24 + 3 + -38 + 20.
9
Evaluate (28 - (-23 + 20)) + -7.
24
Evaluate 10 + 11 + 0 + -31.
-10
What is 5 - 13 - 8 - -15?
-1
What is 9 + -25 + 3 + 2 + -1 + 2?
-10
What is -279 + 274 + -1 + 2 + -1 + 0?
-5
What is (-1 - 5) + (-44 - -69) + -32?
-13
What is the value of -19 + 0 + -1 + 33?
13
Calculate -4 - (-18 - 5 - -7) - 3.
9
Evaluate (2 - (1 - (3 + -4))) + (4 - -1).
5
What is the value of -9 + 0 + (2 - 1)?
-8
Evaluate 12 + -28 + 12 - (0 + -24 - 6).
26
Evaluate -1 + -13 + (-3 - -25).
8
62 + (-27 + -30 - -23)
28
What is -31 - -47 - (4 + -8 - 4)?
24
Calculate (27 - (31 - 22)) + 7.
25
What is the value of 15 + -3 + (-2 - (7 - (-1 - -7)))?
9
What is 26 + (15 - (0 + 9) - 5) + 2?
29
What is the value of 46 + -10 + -38 + 1?
-1
What is -11 + -8 + (13 - (-15 + 23))?
-14
-2046 + 2020 - (2 + (-17 - -2))
-13
(13 - 4) + 5 + -14 - (-4 - 3)
7
Calculate 2 + 2 + 12 + -21.
-5
7 + (-26 - (12 + -23))
-8
What is -70 + 11 - -21 - -20?
-18
Calculate (6 - (-2 + (-1 - (-8 - -1)))) + -16.
-14
What is 14 + -4 + -61 + 47?
-4
What is the value of 11 - ((1 - (-5 + 10)) + 11)?
4
What is -64 + (23 - 0) - -15?
-26
Evaluate 1 - (1 - (-2 + -4)) - (2 - 15).
7
What is -1 - 6 - -7 - (4 + 1)?
-5
-9 - (5 + 18 - 49)
17
What is the value of (5 - (0 + 3 - (0 + 0))) + -2?
0
What is the value of (-35 - -35) + 1 + -3?
-2
-3 + -3 + 1 + -6 - -9
-2
What is (0 - 6 - -1) + (5643 - 5636)?
2
What is (1 + 7 - 1) + (-6 - -11)?
12
Calculate 76 + -65 - (36 - 0) - -1.
-24
Calculate 1 - (3 - 7 - (1 - -1)) - 7.
0
(-12 - (-21 + -2)) + (-1 - 5)
5
Evaluate -28 + (-12 + 36 - 16).
-20
What is -14 - (27 - 50 - (1 + 1))?
11
Calculate -13 - (-26 + -12) - 17.
8
(-35 - -10) + 13 - -12
0
Calculate -1 + 7 + -6 + 28.
28
Evaluate -10 - -25 - (7 - -1).
7
Calculate 0 + -2 - (9 + (-4 - -5) + 1).
-13
What is (2 - -7) + (17 - 23) - (8 - 2)?
-3
What is the value of 32 + -14 + 10 + -37?
-9
What is the value of -1 + -12 + -47 + 25?
-35
What is the value of (7 - 3) + -18 + 24 + -2?
8
Evaluate (-5 - 9) + 2 - (-5 + 2) - 7.
-16
What is the value of 8 + (-6 - (3 + -4)) + (-5 - 4)?
-6
(-8 - -4 - 4) + -6 + 6
-8
(-2 - -10) + (3 - 6) + (-14 - 11)
-20
What is the value of 5 - (-5 + -3 - (-26 + 3 + 8))?
-2
14 - (24 + 17) - -11
-16
What is (2 - (7 + -9)) + (-5 - -8)?
7
Calculate 8 + (4 - (17 + 2 + -3 + 6)).
-10
What is 1 - (6 + -2) - (-5 - (-35 - -18))?
-15
What is (2 - -1) + (9 - (-12 - -16))?
8
Evaluate 0 - -17 - (10 - ((-15 - -28) + -6)).
14
What is the value of -923 + 905 + (3 + -1 - -4)?
-12
What is -51 - -48 - (2 - ((0 - 2) + 1))?
-6
Evaluate 610 + -586 - (20 + -1) - -12.
17
Calculate -17 + 2 + 11 + 6 + -18.
-16
What is the value of (3 - -3 - 3 - -3 - 5) + -2?
-1
What is 2 - 3 - (8 + -1) - (3228 + -3237)?
1
Evaluate 3 + (-2 + 1 - 0) + -102 + 111.
11
What is the value of 7 + (-15 + 3 - -2) + 5 - 0?
2
-45 + 37 - (-5 + 2 - 5)
0
What is the value of -52 + 45 - (2 + -22)?
13
What is the value of 0 + 36 + -29 + -29 + 41?
19
What is -11 + (-3 - (-14 - (0 - -2)))?
2
What is the value of -4 + (-48 - -46 - (-13 + -1))?
8
Calculate -1 + -1 + 2 + 29 + -32 + 6.
3
What is the value of -11 + (-7 - (-6 - 5)) + -8 - -6?
-9
What is the value of (-27 - -3) + 165 + -163?
-22
61 - (-54 + 17 - -69)
29
-9 + 6 + (7 + -1 - (-3 + 3))
3
Evaluate 27 - (3 + 9) - 8.
7
What is (-16 - -109) + -87 + (16 - -1)?
23
Evaluate (23 - 26) + 22 + -27.
-8
What is the value of (-19 + -9 - -37) + 8?
17
-12 + (30 - 10) - 20
-12
-17 + -1 + 4 - (6 + (0 - 9))
-11
What is -10 + (-5 - -13) + -3?
-5
Calculate -15 - (52 + 12 + -42).
-37
What is the value of (-8 - (-3 + -2) - (0 + 2)) + 1?
-4
Evaluate 6 - (0 + 14 - (24 + -8 - 18)).
-10
Calculate (-7 + -5 - -9) + (-5 - -7 - -24).
23
What is the value of 22 - (57 + -67 + 33)?
-1
Calculate (-23 - (-65 - -3) - 5) + (1 - 12).
23
What is 3 - -1 - (10 - 12)?
6
What is the value of (1 - 2) + 6 + (-5 - -10)?
10
Calculate 2 + (-15 + 8 - 6).
-11
What is 47 - 62 - (-1 - (-2 + 7))?
-9
What is (24 - 4) + -13 + -12?
-5
0 + (-6 - (-4 - 4) - (4 - -4))
-6
What is the value of -18 - (4 + -27) - (16 + -1)?
-10
Evaluate (-6 - 5 - 1) + 3 - -1 - -38.
30
What is the value of 9 + (34 + (-32 - -15) - 30)?
-4
What is the value of 4 + -5 - (17 + -6 + -4 - 18)?
10
What is the value of 5 + (11 - (7 - 7 - -19))?
-3
Calculate -3 + 7 + -2 + 8 + -13 + 13.
10
What is (-5 - (-13 + 5)) + -1 + (1 - 6)?
-3
What is the value of (-24 + -2 - -7) + -4 + (-14 - -17)?
-20
-11 - -6 - (3 + 1 + -9)
0
Calculate -6 + 9 + 2 + -6 + (4 - 0).
3
Calculate -6 + -1 + (-5 - -13 - (-19 - -12)).
8
Calculate 1 + -7 + (0 - (9 + -5) - -20).
10
What is (11 - -3) + 33 + -35 - 10?
2
What is 2 - ((8 - 9) + -1) - 1?
3
Calculate (-28 - -4) + 12 - -16 - (1 + -9).
12
-8 - (15 - 18) - -10 - (0 - -4)
1
-5 + -2 + 0 + 4 - (-16 - -4)
9
What is the value of -7 + 9 + 74 + -47?
29
What is -22 - -42 - (15 - 7)?
12
-162 - -178 - (15 - -4)
-3
-6 - (0 + 2 + -3 - (0 - -14))
9
What is (-1 - -2) + (-335 - -325)?
-9
Calculate (28 - 36) + -3 + (-5 - -1) + 5.
-10
What is the value of 11 + -44 + (-20 - -34)?
-19
Evaluate 7 - 2 - (-19 + 0 + -46 + 67).
3
Calculate -3 + 7 + 22 + (-56 - -26) + 22.
18
What is the value of -8 + 15 - 15 - -23?
15
Evaluate -141 + 151 - (-3 + (-3 - -28)).
-12
-7 + 10 + -7 + 1
-3
Calculate 4 + 0 - (-2 + 12 + (-14 - -15)).
-7
What is 8 - (-8 - (-32 + -1 + 0 + -9))?
-26
Evaluate (1 - 31) + -1410 + 1469.
29
What is the value of -1 + 24 - (1966 + -1963)?
20
What is the value of 1 - 0 - (1081 + -1075)?
-5
What is (-23 - -61) + -30 + (0 - (2 - 0))?
6
What is the value of -14 + (-11 - (1 + -3) - (64 - 69))?
-18
Evaluate -9 - (-9 - -15 - (0 - (1 - 3))).
-13
What is the value of 12 - (72 + (-58 - -28))?
-30
-23 + (9 - 2) - -10
-6
What is (-264 - -268) + -20 + -1 + (0 - 1)?
-18
Calculate 62 + -20 - 94 - (-17 - 1).
-34
1 + (-2 - (-12 - (-5 + 2 + -3)))
5
Calculate 3 - ((2 - -3) + -3 - (1 - -2)).
4
Calculate 27 + (-1 - (-24 + 26)).
24
Calculate (-7 - 8) + -4 + 8.
-11
Calculate -25 - (-5 - -12) - (-18 - 2).
-12
Evaluate -7 - (5 - (7 + -15 + 7)).
-13
What is the value of (-67 - -53) + 1 + 2 + 28?
17
Evaluate 0 + (-45 - -8) + 9.
-28
Calculate -10 + -4 + 19 + (-5 - 4).
-4
Evaluate 8 - (44 + 1 - 16) - 16.
-37
What is -3 + (50 + -59 - (-2 - 0)) + 36?
26
What is 0 - (-8 - (-15 + 1) - (-12 - -3))?
-15
What is the value of -9 + (-20 - -2) + (0 + 1 - -7)?
-19
What is 7 + (16 + (-2 - 5) - (2 - 1))?
15
Evaluate 27 + 4 - (6 - -5).
20
Calculate 2 + -24 + 11 + 15.
4
What is the value of -6 + -1 + 16 + -20 + 3?
-8
(2 - 9) + (5 + -5 - (-10 - -3))
0
Calculate -47 - (-1 - -2) - (56 + -70).
-34
Calculate 45 + -9 + -16 - (-6 - -7).
19
-2 + (-16 - -34) + -8 - -1
9
Calculate (25 - 8 - 27) + (7 - -3).
0
Evaluate (25 - (14 - 5)) + -19.
-3
Calculate -3 - -13 - (-29 - 2 - -13).
28
Evaluate 5 + 4 + -6 - (16 + -22 - -6).
3
Evaluate -7 + (-2 - (-1 - 5)) + 17.
14
What is (1 - 17) + 6 + 9 - (-2 + 13)?
-12
Calculate (8 - ((1 - -10) + 5)) + 12.
4
What is 1365 + -1349 + -3 + 0?
13
What is -9 - (-8 + -10 + 11 - 17)?
15
What is -5 + -5 + -4 + 168 + -165?
-11
Calculate (6 - (-9 + 31)) + 27.
11
Evaluate 9 + 18 + -42 + 2.
-13
What is the value of 17 + -5 + -3 + 11 + 2 + 0?
22
Evaluate (-25 - -7) + (-8 - -18) + (-5 - 1).
-14
13 - (8 + (-8 - -21))
-8
What is 3 + -1 + 0 + (4 - -1)?
7
What 